+ 5. What is k(g)?
-3
Suppose 2*a + 3 + 5 = 0, 2*a + 63 = 5*o. Let j = 15 - o. Suppose -j*x - 5 = d, -2*x + d - 3 = 2*x. Let f(k) = -12*k**2 + 2*k + 1. Calculate f(x).
-13
Let x(h) = 732 - 1468 + 2*h + 740. Calculate x(3).
10
Let q(s) = -21*s + 38. Let b(j) = -21*j + 29. Let c(m) = -4*b(m) + 3*q(m). Give c(-2).
-44
Suppose 5*y = 69 - 59. Let j(t) = 6*t**3 - 3*t**2. Calculate j(y).
36
Let x(v) = 14*v + 1. Let c be (-509)/509 - (1 - 2/2). Give x(c).
-13
Suppose 0*j - j = 8. Let b be (36/j - -4)*0. Suppose 24 = 4*v - b*v. Let y(t) = t**3 - 7*t**2 + 6*t + 2. Determine y(v).
2
Let i = -15 - -23. Let d(n) be the second derivative of n**4/12 - 4*n**3/3 + 5*n**2/2 + 157*n. Give d(i).
5
Let a(u) = -u - 28. Suppose -47*l - 462 - 807 = 0. What is a(l)?
-1
Suppose 0 = -t + 1, -2*t - t = -4*n - 287. Let u = n + 66. Let o(m) = m**2 + 7*m + 3. Calculate o(u).
-7
Let j(a) be the first derivative of -a**6/60 - a**5/30 - 6*a**2 + 6. Let b(z) be the second derivative of j(z). Determine b(-2).
8
Suppose 0 = -26*z + 27*z - 4*g - 12, 2*g - 14 = -2*z. Let c(l) be the second derivative of l**4/12 - l**3 - 9*l**2/2 - l. What is c(z)?
7
Let a be (2 + (2 - 0))*1. Suppose 0 = -a*p - 0*p. Suppose 4*j = 12 - p. Let c(y) = y**3 - y**2 - 2*y - 1. What is c(j)?
11
Let i(g) = 3*g + 6. Let k(l) = 3*l + 4. Let t(m) = -5*i(m) + 4*k(m). Give t(-7).
7
Let a(l) = 10*l + 36. Let s be a(5). Let w(x) = -177*x**2 + s*x**2 + 92*x**2 + 9*x + 2. Give w(-8).
-6
Suppose -12 = -2*o + 2*c, -1 + 25 = 4*o - 3*c. Suppose o*t - 2*t = 20. Let s(z) = z + 2. Calculate s(t).
7
Let z(q) = 54 + 6*q - q**3 - 17 - 17 - 18 - 4*q. Let d(v) = v**3 - 7*v**2 + 7*v - 5. Let f be d(6). Let w be 6/15*(f - 6). What is z(w)?
6
Let f = -30 + 32. Let l(c) = -3*c**f + 4*c + 0*c**2 - c**2 + 5*c**2 - 4. Calculate l(-4).
-4
Let v(t) be the third derivative of t**4/24 + 4*t**3/3 - 37*t**2 - 2*t. Give v(-7).
1
Let m = 10 + -8. Let l(n) = -n**2 - 2*n**2 - 278*n + 1 + 279*n + n**2. Give l(m).
-5
Let t(u) = -u**3 + 28*u**2 - 29*u + 47. Let i be t(27). Let f(k) = -k**3 - 6*k**2 + 6*k + 5. What is f(i)?
12
Let p(y) = y**3 - y**2 - 4. Suppose 6*l - 2*l + 4*w - 20 = 0, 5 = w. Let m be (l/13)/(2 + -3). Give p(m).
-4
Let l(j) = 3*j**2 - 32*j + 38. Let i(z) = -z**2 + 11*z - 13. Let q(r) = -11*i(r) - 4*l(r). Let n be (-2 + 0*(1 + 0))*-3. Give q(n).
-3
Let x(n) = -n**2 + 11*n + 42. Let p = -1241 - -1255. Give x(p).
0
Let y(v) be the second derivative of v**4/12 + 5*v**3/6 + 2*v**2 - 46*v + 1. Suppose -24 + 6 = 3*l. Determine y(l).
10
Let y(r) = 5*r**3 - 3*r**2 - 11*r + 9. Let a(f) = 14*f**3 - 8*f**2 - 33*f + 26. Let p(g) = 4*a(g) - 11*y(g). Determine p(3).
8
Let b(d) = 2*d - 6*d + 2*d. Suppose 101 - 155 = -18*s. Give b(s).
-6
Let u(x) = -x**2 + 2*x + 1. Let j(g) = 2*g**2 - 6*g - 5. Let r(s) = j(s) + 4*u(s). Calculate r(2).
-5
Let q(f) = f + 1. Suppose 2 = -2*r + 4*g, 2*r + 2*g = -2*r + 26. Calculate q(r).
6
Let q be 6/(-9)*(-9 + 6). Suppose 1 = q*o + 13. Let a(h) = 2*h**3 + 3*h**3 - 6*h**3 - 7*h**2 - 4*h - 1 - h. Determine a(o).
-7
Suppose 2*j = 32*u - 28*u - 2, 3*j = 5*u. Let l(q) = -q**2 - q. What is l(u)?
-12
Let k(a) = -2*a + 1 + 182*a**2 - 181*a**2 - 3*a. Determine k(5).
1
Suppose v - 2918 + 2916 = 0. Let a(l) be the first derivative of 3*l + 1/3*l**3 + 5/2*l**2 - v. Give a(-5).
3
Let u(y) = -2 - 8*y + 0 + y**2 + 2 + 1. Suppose 8*l - 44 = 4*l. Let b = l + -5. What is u(b)?
-11
Let y(a) = 3*a**3 + 10*a**2 + 7*a - 16. Let w(c) = -c**3 - 5*c**2 - 4*c + 7. Let p(g) = 5*w(g) + 2*y(g). Determine p(6).
3
Let d be (-2)/8 - 189/12. Let o be d/3 - (-3)/9. Let g(x) be the second derivative of x**3/6 - 2*x**2 - x. Determine g(o).
-9
Let d(m) = 246 - 262 + 8*m**2 + 0*m - m**3 - 4*m. Give d(7).
5
Let v(a) = 4*a**2 + 0 - 1 + 0*a**2 + 2*a**2 - a + 5*a**2. Give v(-2).
45
Let n(v) be the second derivative of -v**5/20 + 5*v**4/12 + v**3/6 - 4*v**2 - 47*v. Give n(6).
-38
Let v(x) = -30*x - 40. Let m(r) = 13. Let y(p) = -3*m(p) - v(p). What is y(1)?
31
Let v(x) = 5*x**2 - 3*x - 5. Let r(m) = 9*m**2 - 4*m - 9. Let q(c) = 6*r(c) - 11*v(c). Determine q(7).
15
Let f(m) = 2*m**3 - m**2 + 2*m - 1. Let n be f(1). Suppose -6 = -2*k - n*k + 5*z, 3*k - 3*z - 6 = 0. Let l(x) = 12*x + 3*x + 7*x - 26*x + 3*x. What is l(k)?
-4
Let n(r) be the third derivative of -7*r**5/60 - 229*r**2. Determine n(-1).
-7
Let y(g) = g**3 + 6*g**2 - 16*g. Let u be y(-8). Let t(n) be the third derivative of 0 - 1/6*n**3 - 3/8*n**4 - 2*n**2 + u*n. Give t(1).
-10
Let x(w) be the first derivative of w**2/2 + 9*w + 82. Calculate x(-7).
2
Let x(c) = 7*c**2 + c - 1. Let v = 21 - 14. Suppose -v*g = -4*g - 12. Suppose -g*s + 2*i + 4 = 0, -s + 4*i = -4*s + 3. What is x(s)?
7
Let o(z) = 4 - 28*z + 60*z - 30*z. Let d be ((-100)/15)/(4/(-6)). Suppose 11*u - d*u + 3 = 0. Give o(u).
-2
Let f(y) = -2*y**3 - 6 - 7*y**3 + 13 - 11*y**2 + 10*y**3 - 13*y. Calculate f(12).
-5
Let q(u) = -u**2 - 5*u + 3. Suppose 0*c - 51 = -2*c + 3*i, 0 = -3*i - 9. Let l = -30 + 47. Let o = l - c. Determine q(o).
7
Let b(n) = -8*n - 1. Suppose 0 = 2*y - 2*q, q = -y - q - 9. Calculate b(y).
23
Let t(f) = 15*f**3 - 4*f**2 + 3*f - 2. Let w(j) = -29*j**3 + 7*j**2 - 5*j + 3. Let s(x) = -5*t(x) - 3*w(x). Let l = 22 - 21. Determine s(l).
12
Let w(m) be the first derivative of -m**3/3 - 3*m**2 - 4*m - 220. Calculate w(-9).
-31
Let l be 4 - (26 - 1 - 3). Let q be 168/l - (-1)/3. Let c be -1*(-10)/(-15)*q. Let d(k) = -k + 3. Determine d(c).
-3
Suppose -3*i = -4*i. Let v(h) = 1772*h**2 + h - 1773*h**2 - 5 - h**3 + 0. Give v(i).
-5
Let y(b) = 4*b**2 + 7*b - 3. Let q(r) = -r**2 - 1. Let z(k) = -k - 1. Let d be z(2). Let a(f) = d*q(f) - y(f). Determine a(-7).
6
Let k(r) be the third derivative of -r**5/60 - r**4/12 + 29*r**3/6 - 3*r**2 + 1. What is k(-7)?
-6
Let z(v) be the second derivative of -v**5/20 + 5*v**4/12 - 5*v**3/6 + 3*v**2 - 54*v. Calculate z(4).
2
Let f(d) = -77 + d**2 - 7*d - 81 + 229 - 81. Let n = 25 + -17. Give f(n).
-2
Let y = 0 + 11. Let h = 13 - y. Let u(t) be the first derivative of t**3 - 3*t**2/2 + 3*t - 1. Give u(h).
9
Let n(v) = v**3 + 14*v**2 - 16*v - 14. Let f be n(-15). Let w(r) = -15*r**2 + 7*r**2 - r + 10*r**2 - 2*r + f. Calculate w(2).
3
Let w(v) = v**2 + 15*v + 8. Let f(o) = -3*o**2 - 44*o - 23. Suppose 132 = -d - 2*d. Let h = -27 - d. Let p(g) = h*w(g) + 6*f(g). Give p(-8).
6
Let q be -2*(6/(-4) - 0). Let m(b) = 0*b**3 - 4 - 6*b**2 - 2*b**3 + b**q. Let i(y) = y**2 - 21*y - 6. Let a be i(21). Give m(a).
-4
Let n(a) = -a**3 - 5*a**2 + a + 2. Let g be ((-16)/(-20))/(6/75). Let s(x) = -x**2 + 13*x - 35. Let z be s(g). Determine n(z).
-3
Let o(k) = 74 - 23 - 28 - 31 - 47*k + 45*k. Suppose -2*x = -4*y - 5*x - 30, -4*y + x - 22 = 0. Determine o(y).
4
Let r(n) = -n**3 - 4*n**2 + 2*n - 4. Suppose 563*p = 569*p + 30. Determine r(p).
11
Let x be (-22)/(-55) - 26/(-10). Let s(i) = i**3 - 2*i**2 - 3*i - 3. What is s(x)?
-3
Let k(s) be the third derivative of s**5/60 - 2*s**4/3 - 5*s**3/6 + 56*s**2. Give k(16).
-5
Suppose -97*x + 108*x + 66 = 0. Let y(n) = n + 4. What is y(x)?
-2
Let r(b) be the second derivative of b**5/20 - 11*b**4/12 + 8*b**3/3 + 11*b**2 + 434*b. Calculate r(9).
4
Let y(p) = 0*p - 10 - 8*p - 3 + 12*p. Calculate y(8).
19
Let f(y) be the second derivative of 7*y**4/12 - y**3/2 + 11*y**2/2 - y. Let n(o) = 8*o**2 - 4*o + 12. Let z(d) = -7*f(d) + 6*n(d). What is z(-5)?
-15
Let k(a) = a + 0*a - 3*a**2 - 687 + 686. Calculate k(-3).
-31
Let w(k) = k - 1. Let z = 40 - 25. Suppose 7*o - z = 2*o. Calculate w(o).
2
Let c(v) = v**3 + v**2 + v + 2. Let w be c(0). Suppose -3*k - 1 = w. Let o(d) be the third derivative of d**6/10 - d**4/12 - d**3/6 + 12*d**2. Give o(k).
-11
Let t(f) = f**3 + f**2 - 4*f. Let g be t(2). Let s = -7 - -18. Let h(i) = -i**2 + s*i + 2 - 5*i - 5 + 2. Determine h(g).
7
Let h = 263 + -259. Let o(u) be the first derivative of 0*u + 1 - 1/4*u**h - 1/2*u**2 - 4/3*u**3. Determine o(-4).
4
Let t(i) = -10*i - 25*i + 36*i. Calculate t(4).
4
Let t(a) = -9*a + 15. Let r(o) = 13*o - 17. Let l(m) = -5*r(m) - 8*t(m). What is l(6)?
7
Suppose 3*j - 7 = -q + 2*j, 10 = -5*q + 4*j. Let m(f) = f**3 + 2*f**3 + 108 - 109 - f. Determine m(q).
21
Let x = -1 - -4. Let i(f) = -f**3 + 1 - 5 - 6 - 3 + 2*f + 10. What is i(x)?
-24
Let m(g) = g**2 + 1. Let s(c) = -3*c**2 - 6. Let z(n) = -4*m(n) - s(n). Let v be (